ors of 17452?
2, 4363
What are the prime factors of 2363?
17, 139
List the prime factors of 18741.
3, 6247
What are the prime factors of 103644?
2, 3, 2879
What are the prime factors of 27151?
19, 1429
List the prime factors of 959.
7, 137
List the prime factors of 638.
2, 11, 29
What are the prime factors of 3748?
2, 937
What are the prime factors of 2017?
2017
List the prime factors of 600.
2, 3, 5
What are the prime factors of 12718?
2, 6359
List the prime factors of 23.
23
What are the prime factors of 8223?
3, 2741
What are the prime factors of 79268?
2, 7, 19, 149
List the prime factors of 12668.
2, 3167
List the prime factors of 801.
3, 89
What are the prime factors of 948?
2, 3, 79
List the prime factors of 420.
2, 3, 5, 7
What are the prime factors of 9121?
7, 1303
List the prime factors of 30438.
2, 3, 19, 89
What are the prime factors of 2851?
2851
List the prime factors of 4177.
4177
List the prime factors of 6532.
2, 23, 71
List the prime factors of 12654.
2, 3, 19, 37
What are the prime factors of 4007?
4007
List the prime factors of 383.
383
List the prime factors of 1094.
2, 547
What are the prime factors of 112789?
43, 61
What are the prime factors of 1154?
2, 577
List the prime factors of 37084.
2, 73, 127
What are the prime factors of 27194?
2, 13597
What are the prime factors of 20124?
2, 3, 13, 43
List the prime factors of 5924.
2, 1481
List the prime factors of 4553.
29, 157
List the prime factors of 39553.
37, 1069
List the prime factors of 24741.
3, 2749
List the prime factors of 335.
5, 67
List the prime factors of 158574.
2, 3, 13, 19, 107
List the prime factors of 4046.
2, 7, 17
What are the prime factors of 5261?
5261
List the prime factors of 24478.
2, 12239
List the prime factors of 2.
2
List the prime factors of 3284.
2, 821
List the prime factors of 8658.
2, 3, 13, 37
What are the prime factors of 14977?
17, 881
List the prime factors of 71441.
199, 359
List the prime factors of 10293.
3, 47, 73
List the prime factors of 32714.
2, 11, 1487
List the prime factors of 9678.
2, 3, 1613
What are the prime factors of 36670?
2, 5, 19, 193
What are the prime factors of 25973?
19, 1367
What are the prime factors of 1357?
23, 59
What are the prime factors of 2855?
5, 571
List the prime factors of 1639.
11, 149
List the prime factors of 49992.
2, 3, 2083
What are the prime factors of 11351?
11351
What are the prime factors of 96344?
2, 12043
What are the prime factors of 3536?
2, 13, 17
What are the prime factors of 709?
709
List the prime factors of 28121.
61, 461
What are the prime factors of 38598?
2, 3, 7, 919
What are the prime factors of 10252?
2, 11, 233
List the prime factors of 26402.
2, 43, 307
List the prime factors of 76.
2, 19
List the prime factors of 803.
11, 73
What are the prime factors of 83206?
2, 41603
List the prime factors of 27989.
13, 2153
What are the prime factors of 2545?
5, 509
What are the prime factors of 3621?
3, 17, 71
What are the prime factors of 20081?
43, 467
What are the prime factors of 4398?
2, 3, 733
What are the prime factors of 601?
601
What are the prime factors of 561?
3, 11, 17
List the prime factors of 857.
857
List the prime factors of 17280.
2, 3, 5
List the prime factors of 10088.
2, 13, 97
List the prime factors of 33756.
2, 3, 29, 97
What are the prime factors of 7?
7
What are the prime factors of 4711?
7, 673
List the prime factors of 37640.
2, 5, 941
List the prime factors of 2104.
2, 263
List the prime factors of 2034.
2, 3, 113
What are the prime factors of 19649?
7, 401
What are the prime factors of 40265?
5, 8053
What are the prime factors of 86083?
86083
What are the prime factors of 1866?
2, 3, 311
List the prime factors of 12258.
2, 3, 227
What are the prime factors of 15005?
5, 3001
List the prime factors of 2722.
2, 1361
List the prime factors of 1742.
2, 13, 67
What are the prime factors of 801?
3, 89
What are the prime factors of 870?
2, 3, 5, 29
List the prime factors of 7878.
2, 3, 13, 101
List the prime factors of 7415.
5, 1483
What are the prime factors of 189768?
2, 3, 7907
List the prime factors of 845.
5, 13
List the prime factors of 8017.
8017
What are the prime factors of 700?
2, 5, 7
What are the prime factors of 2030?
2, 5, 7, 29
What are the prime factors of 4211?
4211
What are the prime factors of 13723?
13723
What are the prime factors of 4206?
2, 3, 701
List the prime factors of 37378.
2, 11, 1699
What are the prime factors of 487?
487
What are the prime factors of 17808?
2, 3, 7, 53
What are the prime factors of 34060?
2, 5, 13, 131
List the prime factors of 556.
2, 139
List the prime factors of 17558.
2, 8779
List the prime factors of 28963.
11, 2633
What are the prime factors of 386?
2, 193
List the prime factors of 12619.
12619
List the prime factors of 6817.
17, 401
List the prime factors of 7112.
2, 7, 127
What are the prime factors of 9165?
3, 5, 13, 47
What are the prime factors of 859?
859
What are the prime factors of 5115?
3, 5, 11, 31
List the prime factors of 7224.
2, 3, 7, 43
What are the prime factors of 178?
2, 89
List the prime factors of 137938.
2, 17, 4057
What are the prime factors of 5153?
5153
What are the prime factors of 9460?
2, 5, 11, 43
List the prime factors of 2266.
2, 11, 103
What are the prime factors of 1305?
3, 5, 29
What are the prime factors of 2407?
29, 83
What are the prime factors of 118527?
3, 39509
List the prime factors of 20423.
13, 1571
What are the prime factors of 19130?
2, 5, 1913
List the prime factors of 879.
3, 293
List the prime factors of 75553.
75553
List the prime factors of 93011.
281, 331
List the prime factors of 17995.
5, 59, 61
List the prime factors of 499.
499
What are the prime factors of 21095?
5, 4219
What are the prime factors of 3198?
2, 3, 13, 41
List the prime factors of 11015.
5, 2203
What are the prime factors of 5215?
5, 7, 149
What are the prime factors of 16064?
2, 251
What are the prime factors of 4537?
13, 349
List the prime factors of 86938.
2, 17, 2557
What are the prime factors of 4058?
2, 2029
What are the prime factors of 17131?
37, 463
List the prime factors of 2146.
2, 29, 37
List the prime factors of 337.
337
What are the prime factors of 2123?
11, 193
List the prime factors of 7633.
17, 449
What are the prime factors of 1431?
3, 53
What are the prime factors of 3968?
2, 31
What are the prime factors of 895?
5, 179
List the prime factors of 555.
3, 5, 37
What are the prime factors of 46002?
2, 3, 11, 17, 41
What are the prime factors of 450?
2, 3, 5
List the prime factors of 98392.
2, 7, 251
What are the prime factors of 13508?
2, 11, 307
List the prime factors of 3853.
3853
List the prime factors of 13053.
3, 19, 229
What are the prime factors of 259?
7, 37
What are the prime factors of 145243?
7, 20749
List the prime factors of 32407.
23, 1409
What are the prime factors of 8424?
2, 3, 13
List the prime factors of 4498.
2, 13, 173
What are the prime factors of 70528?
2, 19, 29
What are the prime factors of 7632?
2, 3, 53
What are the prime factors of 1525?
5, 61
List the prime factors of 1168.
2, 73
List the prime factors of 7124.
2, 13, 137
List the prime factors of 10620.
2, 3, 5, 59
What are the prime factors of 20001?
3, 59, 113
List the prime factors of 33.
3, 11
What are the prime factors of 94011?
3, 31337
List the prime factors of 5490.
2, 3, 5, 61
What are the prime factors of 2993?
41, 73
List the prime factors of 17344.
2, 271
What are the prime factors of 100?
2, 5
List the prime factors of 4304.
2, 269
List the prime factors of 2115.
3, 5, 47
List the prime factors of 56179.
56179
What are the prime factors of 4343?
43, 101
List the prime factors of 599.
599
List the prime factors of 377.
13, 29
What are the prime factors of 428?
2, 107
What are the prime factors of 60198?
2, 3, 79, 127
List the prime factors of 7837.
17, 461
List the prime factors of 10224.
2, 3, 71
What are the prime factors of 3523?
13, 271
What are the prime factors of 1030?
2, 5, 103
What are the prime factors of 41523?
3, 13841
What are the prime factors of 1325?
5, 53
List the prime factors of 172.
2, 43
What are the prime factors of 2700?
2, 3, 5
List the prime factors of 1874.
2, 937
List the prime factors of 778.
2, 389
What are the prime factors of 6006?
2, 3, 7, 11, 1